 x, 2*u - 5*a + 2*a = 1. Calculate the highest common factor of u and 2.
2
Let g = 54 + -30. Let o(u) = -u**3 - 2*u**2 + 15*u. Let v be o(-8). Calculate the greatest common factor of g and v.
24
Let j = 546 + 246. Calculate the highest common factor of j and 72.
72
Let p(j) = 2*j**2 - 15*j - 8. Let h(v) = -5*v**2 + 31*v + 16. Let a(g) = -3*h(g) - 7*p(g). Let u be a(-12). What is the highest common divisor of u and 8?
8
Let f be 24/(-56) - (-25)/(-7). Let p = f + 24. Calculate the highest common factor of 50 and p.
10
Suppose 4*z - 16 = -4*m, 5*m = -3*z + m + 14. Suppose -4*d = -z*o - 896, 3*o = 4*d - o - 896. Calculate the greatest common factor of 28 and d.
28
Let a(o) = -o**3 - 6*o - 8 + 2*o**2 + 0*o**3 - 14*o**2 + 4*o. Let p be a(-12). What is the greatest common divisor of p and 16?
16
Let n = 429 + -177. What is the greatest common factor of n and 36?
36
Let h(q) = 5*q**2 + 1. Let f be h(2). Suppose -5*k - 17 = -3*v - 3*k, 5 = 2*v + 5*k. Suppose -v*s = -7 - 28. Calculate the greatest common factor of f and s.
7
Let s = 240 + -228. Calculate the highest common factor of s and 150.
6
Suppose v + 47 = -24. Let l = v - -162. Calculate the highest common factor of 13 and l.
13
Let j = -4 + 13. Suppose 0 = -15*d + 277 - 7. What is the greatest common factor of j and d?
9
Suppose 0 = 5*b - 2*o - 166, 4*b + o = -b + 157. What is the greatest common divisor of b and 224?
32
Suppose 0 = -215*t + 213*t + 4*y + 488, -2*t + y = -473. What is the highest common divisor of 208 and t?
26
Let y = 166 + -96. Calculate the highest common divisor of y and 10.
10
Suppose -3*t = -652 + 124. Let d = 253 + t. Calculate the highest common factor of 39 and d.
39
Suppose 2*z + 5*p + 6 = -0, 5*z - 4*p = 51. Suppose 103 = z*x + 19. Let y be (-9)/x - (-215)/20. What is the highest common factor of y and 30?
10
Let i be 9/(9/(-2)) + 6. Suppose -3*b = -5*v - 6*b + 105, -v = i*b - 21. What is the highest common divisor of 252 and v?
21
Suppose -f = -5*f - 5*q + 1227, 3*f = 4*q + 928. Calculate the highest common factor of f and 132.
44
Let c be 9/(-15) - 1/(10/1044). Let b = -63 - c. Calculate the greatest common divisor of b and 3.
3
Suppose 5*h - u + 0*u = 129, -2*u = -2. Let v = 28 + -2. Calculate the highest common factor of h and v.
26
Let k = -96 + 191. Suppose 13*j = 139 + k. What is the greatest common divisor of 42 and j?
6
Suppose 0 = -4*s - 4*h + 480, -2*h = -5*s + 246 + 354. Let a(u) = 2 + 59*u**2 + s*u**2 - 1. Let l be a(-1). What is the greatest common factor of l and 20?
20
Let x = -5 + 8. Suppose 0 = u - w - 6, 3 = x*u - 5*w - 9. Calculate the highest common factor of 81 and u.
9
Let s be -2 - ((-49)/(-14) + 2/(-4)). Let d = 38 - 26. Let y = s + d. Calculate the highest common divisor of 56 and y.
7
Let l(k) = -4*k + 4. Let t be l(-3). Suppose 15 = 8*a - 3*a. Suppose -a*o = -6*o + 2*m + 88, -2*o + m = -60. What is the greatest common divisor of t and o?
16
Let c = -24 - -40. What is the highest common divisor of c and 64?
16
Let z = 2094 + -2085. Suppose s - 4*l = 21, 4*s = 2*l - 7*l - 21. Calculate the greatest common divisor of s and z.
1
Suppose -4*s = -4*n + 848, 3*s + 1 = -5. What is the highest common divisor of 30 and n?
30
Suppose -4*a - 5*g = -2*g - 20, 0 = -2*a + 2*g - 4. Suppose -69 - 45 = -a*s. What is the greatest common divisor of 19 and s?
19
Let l be (12/10)/(9/30). Suppose -4*b - 3 + l = h, 2*h - 3*b = 46. Let j = h - 10. Calculate the greatest common divisor of j and 14.
7
Suppose -15*w + 507 = -12*w. Calculate the greatest common factor of 39 and w.
13
Let j = 2 + -2. Suppose -s + j = -7. Let d(b) = b**3 - 6*b**2 + b + 1. Let f be d(6). Calculate the greatest common divisor of f and s.
7
Suppose 38 = 3*b + 2. Let t be 37 + b/(-3 - 1). What is the highest common divisor of 85 and t?
17
Suppose -25 = -4*d - 0*t - t, -5*d + 5*t = 0. Suppose -38 - 52 = -d*m. What is the greatest common factor of m and 72?
18
Let w = 30 - 13. Suppose 68 = -s + 3*s. What is the greatest common divisor of w and s?
17
Let d = -816 + 1219. What is the greatest common divisor of 26 and d?
13
Let f(t) = 5*t**2 - t - 6. Let k be f(2). What is the greatest common divisor of k and 39?
3
Let m be 2 - (-3)/3*74. Calculate the greatest common divisor of m and 38.
38
Let q = 86 - 2. Calculate the highest common divisor of q and 28.
28
Let q = 230 + -130. Calculate the highest common divisor of 25 and q.
25
Let t be 77 + -1 + 2/2. Suppose 0 = -6*f + 3*f - 6, f + t = 3*q. Let b(h) = -4*h**3 - h. Let s be b(-1). Calculate the greatest common factor of s and q.
5
Let l = 69 - 145. Let a = 136 + l. Calculate the highest common divisor of 40 and a.
20
Let s be (-3)/(((-30)/64)/5). Suppose -s = -5*c - 2*f, 3*f - 4*f + 7 = c. Let i be (3/2)/(c/72). Calculate the greatest common factor of 45 and i.
9
Let h(m) = 5*m**2 - m - 3. Suppose 7*u = 2*o + 2*u - 4, -3*o - 2*u = -6. Let d = 1 + o. Let i be h(d). Calculate the greatest common divisor of 26 and i.
13
Let a = 8 + -37. Let j = a - -54. Calculate the greatest common divisor of 10 and j.
5
Let w(y) = 6*y**2 + 13*y + 27. Let z be w(-2). Calculate the greatest common factor of z and 25.
25
Let v(q) = q**3 + 31*q**2 - 122*q - 59. Let s be v(-34). What is the greatest common divisor of 54 and s?
27
Suppose 4*d + 3 + 5 = 0, -2 = -4*q + d. Suppose -4*u + 400 + 400 = q. What is the greatest common divisor of 25 and u?
25
Suppose 5*r + t - 237 = 376, -5*r = -5*t - 625. What is the highest common divisor of 3 and r?
3
Suppose -9*r + 32 = 77. Let s be (-1 + r + 5)/((-1)/17). Let i = -71 - -139. What is the greatest common factor of i and s?
17
Let m(c) = 4 - 5 + 5*c - 21. Suppose 0 = 29*w - 200 + 55. Let d be m(w). What is the highest common divisor of 12 and d?
3
Let a be (4/4)/((-14)/16 + 1). Calculate the highest common factor of 2 and a.
2
Let f = 143 - 77. Let o be (0 + (0 - 1))*(10 + -32). What is the greatest common divisor of f and o?
22
Let n be 4/2 + (-2 - -5). Let m = 5 - n. Let a(u) = u**2 + 11. Let v be a(m). Calculate the highest common factor of v and 33.
11
Let a be 1/3 - 1318/(-6). Let v(d) = 35*d - 17. Let z be v(3). Let k = z - 68. Calculate the greatest common factor of k and a.
20
Let m(y) = 3*y**3 + 2*y**2 - 2*y. Let a be m(2). Suppose 0 = p + 2, 608 = 4*r + r + p. Let c = r + -80. What is the greatest common factor of c and a?
14
Suppose -9*q + 4*q - 3*p + 453 = 0, q + p = 91. What is the greatest common factor of 40 and q?
10
Suppose 4*r + 82 = b, 1 + 5 = 3*r. Let p(z) = z**3 + 7*z**2 - 8*z + 7. Let a be p(-8). Suppose 323 = a*f + 71. Calculate the greatest common divisor of b and f.
18
Let w = 3 - 3. Suppose w = 3*q - 282 + 30. Let r(a) = a**2 + 16*a + 28. Let j be r(-16). Calculate the greatest common factor of j and q.
28
Let m = -33 + 27. Let b be (-5 - (-56)/(-2))*4/m. Calculate the highest common factor of b and 198.
22
Let q(h) = -5*h + 43. Let l be q(0). Let p = l + -37. Suppose 0 = -5*v + 4*j + 1 - 2, -5*v - 2*j = -23. What is the greatest common factor of p and v?
3
Let w = -27 + 32. Suppose 3*j - 180 = -w*v, -j + 4*v + 49 = 2*v. What is the greatest common divisor of j and 11?
11
Let h(w) = 17 - 6*w - 17 - 16. Suppose -f + 24 = -3*f. Let x be h(f). What is the greatest common divisor of x and 14?
14
Suppose -3*b + 3*f = -81, -2*b = 2*f - 53 + 19. What is the greatest common divisor of b and 297?
11
Suppose -5*d + 173 - 63 = 0. Let v = -4 + d. Suppose 4*w - 14 - v = 0. What is the highest common divisor of w and 20?
4
Let r(k) = 38*k - 87. Let i be r(8). What is the greatest common factor of i and 93?
31
Let n(q) = 20*q**2 + 21*q + 21. Let i be n(-1). What is the highest common divisor of i and 84?
4
Let d be (215/(-1))/((-488)/(-48) - 11). What is the greatest common factor of 860 and d?
86
Suppose p = 2*g + 33, -2*p = -g - 37 - 26. Calculate the highest common factor of 7 and p.
1
Let c = -135 - -341. Let x = c + -125. What is the highest common divisor of 9 and x?
9
Let p(o) = 124*o**2 + 16*o + 22. Let x be p(-2). Calculate the highest common divisor of 216 and x.
54
Suppose 3276 = -27*g + 8136. What is the greatest common factor of g and 80?
20
Suppose y = -2*y. Suppose y = -4*i + 4*b + 292, 2*b - 199 = -2*i - i. Let f = -34 + i. Calculate the greatest common divisor of 7 and f.
7
Suppose 91*c + 4